1
Calculate (-8 - (9 + -19)) + (-5 - -1).
-2
What is the value of -7 + (3 - 3) + 11?
4
Evaluate (-8 - ((0 - -2) + -9)) + 1.
0
What is (4 - -2 - 0 - 4) + 1?
3
What is the value of 13 + 12 + -24 - -6?
7
What is the value of -5 - -4 - (-5 - (-2 + 4))?
6
Calculate (1 - (-4 + 8)) + (3 - -3).
3
-7 + -7 + 27 + -8
5
What is the value of -9 - ((-4 - 2) + 0)?
-3
Calculate -4 + 1 + (-4 - (4 + -10)).
-1
What is -8 - (24 - 23 - (13 - 1))?
3
What is 3 + (-3 + -1 - (-17 - -18))?
-2
What is -4 - (2 - (10 + 1))?
5
Evaluate (-81 - -79) + 1 + 5.
4
(-5 - -2) + 4 - -3
4
Calculate -14 + 14 + (2 - -3).
5
What is 3 - (2 - (-10 + 5))?
-4
(1 - 3) + (10 - 14 - -5)
-1
What is 1 + -6 - (11 + -16)?
0
Evaluate 19 + -15 + (0 - 3).
1
What is the value of 18 + -26 - (0 - 5)?
-3
What is the value of (0 - -2) + -4 - (1 + -7)?
4
10 + (9 - 22) + 0 + 7
4
Evaluate 17 + (-30 + 6 - -10).
3
(1 - (6 + 1)) + 1
-5
8 - 2 - (2 + 8)
-4
What is the value of 0 + 3 - (15 - 7)?
-5
0 - -5 - (-16 + 27)
-6
8 + -1 + 9 + -11
5
Evaluate -1 - -7 - (5 - 1).
2
0 + (0 - (-7 + 1))
6
What is the value of -4 - (8 + (-8 - -4) - 3)?
-5
0 + 3 + (0 - 0)
3
8 + (-3 + 3 - 5) + -11
-8
What is the value of (172 - 166) + -5 + 0 + -1?
0
Calculate -1 + -4 + 12 + -1 + 1.
7
Evaluate 7 + -6 + 0 + 0 - -3.
4
What is the value of 1 + 1 - (6 - 2 - 3)?
1
0 - (-19 - -21 - (-1 - -1))
-2
What is the value of (-11 - -3) + -4 + 8?
-4
What is the value of 3 + 2 + -5 + (3 - 0)?
3
Evaluate 0 + -1 - (39 + -35).
-5
What is -1 + 1 + (-2 - 1)?
-3
Evaluate -1 + -2 + (-23 - -4) + 15.
-7
Evaluate (7 + -8 - 4) + 10.
5
What is 7 + 3 + -13 + 6?
3
Calculate 4 + 0 - -1 - 4.
1
11 + -1 + -6 + 2 + 1
7
Calculate (5 + -5 - 1) + -2 + 0.
-3
Evaluate 7 + -5 - 3 - 2 - -5.
2
Evaluate -1 + 0 + (3 - (6 - 4)).
0
-2 + (-3 - 1) + 9
3
Calculate 11 + 0 - 4 - 6.
1
What is the value of -4 + (-13 - -8) + 11?
2
What is 0 - -2 - -2 - 3?
1
Evaluate 14 + -17 + 11 + (1 - 2).
7
Calculate -6 - (-4 - -5) - -6.
-1
What is 3 - (-1 + 2) - (-24 - -20)?
6
Calculate 2 - (2 - -2 - -3).
-5
Calculate -1 + (8 - 11) + 4.
0
Evaluate (-3 - (-5 - -3)) + -2.
-3
What is the value of 10 + -4 + -4 + 3?
5
(0 - (-1 + 3)) + -14 + 15
-1
Evaluate 20 - 3 - (58 + -47).
6
Evaluate 9 + (-11 - 2) + (1 - 2).
-5
What is the value of 8 - (10 + -1 + 1)?
-2
Calculate 4 + (-5 - 3) + 0 + 4.
0
Calculate 3 + -5 + 0 - -1 - 4.
-5
Calculate (1 - 2) + 0 - (-8 - -5).
2
What is the value of 2 + -13 + (26 - 19)?
-4
Calculate -1 - -1 - -5 - (6 - -4).
-5
(1 - (5 + -1)) + 4 + -2
-1
Evaluate 2 - ((5 - 13) + 11).
-1
Evaluate 1 - (2 + (0 - -3)).
-4
What is (-2 - 2 - 3) + 4 - -4?
1
What is 0 - (7 + -4 - 3)?
0
Evaluate -4 - (0 + 2 - 3).
-3
Evaluate (6 - 7) + -5 - (5 + -5).
-6
Calculate (1 + -1 - 0) + -3 + 4.
1
What is 1 + -4 + 8 - 8?
-3
Calculate -3 + -1 + 4 - -3.
3
Evaluate (0 - 3 - (9 + -11)) + -4.
-5
Calculate -14 - -1 - -6 - (6 - 8).
-5
What is the value of -3 + 3 + 4 - (-1 - -2)?
3
What is 5 + 7 + -15 - 1?
-4
9 + (1 + -2 - 3)
5
What is (-4 - ((-1 - 4) + -3)) + -8?
-4
Calculate 15 - (0 - -8 - -3).
4
(5 - (6 + -1)) + (-3 - 1)
-4
Calculate 6 + -11 + (-6 - -8).
-3
Calculate 5 - (13 + -12 - (3 + -8)).
-1
Evaluate 13 + -1 + 197 + -209.
0
Evaluate 7 + (2 - (-1 + 6)).
4
What is 2 + 3 + 6 + -8 + 3?
6
0 + (6 - 2) + -8
-4
What is the value of -3 - (-6 - -3) - 1 - -3?
2
Evaluate 3 + -14 + 7 + (4 - 2).
-2
Calculate 4 - (24 + (2 - 13)).
-9
Evaluate 15 - (8 + 0 + -1).
8
12 - (-8 + 18) - -7
9
What is 0 + -2 + -1 + 4 + -6?
-5
What is the value of 6 + (-4 - 3) + -4 - -7?
2
Calculate 13 - 12 - (-1 + 1).
1
What is the value of -42 + 48 + -10 + -2?
-6
Evaluate 13 + -6 + -5 - -3.
5
What is the value of 4 - (3 - 7 - -10)?
-2
Calculate -5 + 8 - (0 - -3).
0
Evaluate -1 - 3 - (12 - 8).
-8
What is the value of 4 - (4 + -3) - 0?
3
8 - (11 + (6 - 10))
1
Calculate 0 + (-1 - 9) - -4.
-6
What is the value of 8 - 2 - 3 - 8?
-5
10 - (12 - (-10 - -11))
-1
Evaluate 2 - (-3 + -3 + 2 + 7).
-1
-1 - (5 + 0) - (13 + -17)
-2
What is the value of 8 + -7 - -7 - 7?
1
What is the value of (-14 - -16) + (0 + -1 - -1)?
2
What is 1 - -3 - (2 + (0 - 1))?
3
-4 - ((-6 - -11) + -9)
0
What is the value of 72 + -76 + 0 + 1 + 2?
-1
What is the value of 2 + -1 - (-3 + (3 - 0))?
1
What is 5 - 8 - (-7 + -1)?
5
What is the value of (2 - 9) + 14 + (17 - 13)?
11
What is -2 + (8 - 11) + 4?
-1
Calculate -9 - (21 + -17 - (9 + -1)).
-5
Calculate -1 + (6 - (2 + -5)) - 2.
6
Calculate -6 + (-4 - -5 - 3).
-8
What is -2 + (4 - (3 + -2))?
1
Calculate 1 - -1 - (-4 + 4 + -4).
6
Evaluate (13 + 8 + -13 - 11) + 1.
-2
Evaluate (-61 - -53) + 19 + -1.
10
Evaluate (2 - 3) + -1 + (5 - 0).
3
Evaluate 3 + (-5 - -1 - 0) - 5.
-6
1 + -7 + (-5 - -11)
0
Evaluate -1 + (-5 - -3) + -1.
-4
Calculate -2 - (5 + (2 - 6)).
-3
Calculate 5 - ((0 - -2) + 0 + -2).
5
Evaluate -10 - -12 - 7 - 2.
-7
Evaluate (17 - 19) + 1 + 7.
6
What is -6 + 2 - (6 - 6)?
-4
Evaluate 6 + (3 + -1 - (6 + -1)).
3
What is the value of -2 - (-1 + 2) - (1 + -1)?
-3
Calculate -1 + 0 + 2 - (-7 - -3).
5
Evaluate -2 - (-1 + -1) - (4 - 8).
4
13 + -25 - (-16 - -2)
2
What is the value of (4 + -2 - 5) + 0?
-3
What is 10 - (-5 + 2 - -10)?
3
0 + 0 - (-8 - (-3 - 0))
5
What is 8 - (1 + (-1 - (7 - 4)))?
11
What is -1 + 4 + -2 + 0 + -2?
-1
7 - (2 + (-5 - -6))
4
Calculate (-1 - (-2 + -2 - -4)) + 4.
3
6 - (2 - (-2 + 3))
5
What is (11 - (3 - -2)) + -1 + 0?
5
-12 + 9 + (1 - 3)
-5
What is -5 - (-6 + (2 - -4))?
-5
Calculate 5 - (-2 + 9 + (-5 - -6)).
-3
-39 + 35 - (-3 + -1)
0
What is the value of 7 + (7 - (10 + 3))?
1
What is the value of -3 + 9 + -32 + 12 + 7?
-7
What is the value of 9 - 6 - (10 - (2 + 1))?
-4
What is 2 + (-4 - (-7 - (-1 + -3)))?
1
What is -13 + 21 + (-2 - 3)?
3
-5 + 5 + 6 - 6
0
Evaluate -2 - -8 - (-9 + 0 - -10).
5
3 - (2 - 1 - -4)
-2
What is the value of (9 - (15 + -11)) + (-7 - -1)?
-1
What is 8 - (3 - 4 - -4)?
5
What is 145 - 144 - (11 + 0)?
-10
Calculate (8 - 8 - 14) + (-2 - -9).
-7
Evaluate (0 - 6) + 0 + 6 + -3.
-3
What is the value of -1 - (7 - 6) - (0 + -1)?
-1
Calculate 7 + -8 - (-8 - -2).
5
What is the value of (3 - (-12 - -20)) + (-2 - 0)?
-7
-1 + 4 + -2 - 5
-4
0 + (-1 + -5 + 4 - -4)
2
What is -12 + 13 + -4 + -2?
-5
-8 - ((1 - 0) + -9)
0
0 + (0 - 0) + 1 + -4
-3
Evaluate (-16 - -8) + 10 - 5.
-3
-2 + (2 - 1 - 0)
-1
Evaluate 0 - -8 - (1 + 3 + -2).
6
-5 - (-5 - -3) - (10 + -10)
-3
Calculate 6 + -2 + (-1 - 1).
2
What is -4 + (6 - 4 - -3)?
1
Calculate 0 + 5 + -7 + 3 + 2.
3
-2 - 0 - (1 + 0 + -3)
0
Calculate 3 + (1 - 4) + -4 + 1.
-3
Calculate -29 + 34 - (12 - -1).
-8
What is -1 - (4 + (0 + -1 - 0))?
-4
Evaluate -7 + (6 - (5 + 5) - -6).
-5
Evaluate -3 + 2 + 2 + (-2 - -3).
2
3 + -1 + -4 + 3
1
Calculate -10 + 0 - -9 - 2.
-3
Evaluate (0 - -2) + (-4 - (-11 + 1)).
8
8 - (1 - (-2 + 4 + -5))
4
7 + -1 - 5 - (-1 - 0)
2
Evaluate -8 - (-9 + 22 + -11).
-10
What is the value of (0 - (-5 + -5 + 6)) + -10?
-6
Evaluate (-8 - -1) + 12 + 0.
5
1 - -13 - (4 + 3) - 3
4
What is the value of 1 + (0 - -1 - (4 - -1))?
-3
-3 + -1 - (13 - 19) - 4
-2
Calculate -11 + (-6 - -12) + 10.
5
Evaluate 7 + -1 + (1 - 2).
5
What is (-1 - 2) + 3 - (1 - 2)?
1
Calculate 0 + -8 + 5 + 7.
4
What is the value of 13 + (-13 - (-16 - -7))?
9
1 - (1 - (-1 - -4 - 3))
0
3 + (-2 - (4 + 2 + -5))
0
-5 + (5 + -3 - 3)
-6
What is 2 + 7 - (-8 - -14)?
3
What is the value of 1 + 0 + -2 - (-2 + 3)?
-2
Calculate (-17 - -6) + 4 + 8.
1
Evaluate -3 - (-4 - (-1 + 2 - 4)).
-2
What is the value of 1 - -1 - (-13 + 11 + 3)?
1
What is the value of 2 - (9 - 3) - (-2 + 1)?
-3
4 - (3 - 2 - (2 - 2))
3
Calculate -1 - (-8 + 9) - (-7 + 2).
3
Evaluate -3 + -1 - -3 - 0.
-1
Evaluate (-1 - 4 - -5) + 24 + -16.
8
Evaluate 0 + 4 - (-8 + 12).
0
-3 - 0 - (5 + -6)
-2
(2 - -2) + (-8 - -6)
2
What is 6 + -15 - -13 - (6 + 5)?
-7
Calculate (-1 - 0) + 8 - (9 - 4).
2
Evaluate -3 + 0 + (4 - (2 - -3)).
-4
What is (4 - -3 - 0) + 2 - 4?
5
What is the value of -3 + (8 - 7) - 4?
-6
What is the value of 6 + 0 - (8 - 5 - 0)?
3
4 + (2 - (-2 + -1 + 9))
0
((-11 - 3) + 7 - -5) + 1
-1
Evaluate (1 - -5) + -5 + (-1 - -3).
3
15 + -2 - (-5 + 1 + 7)
10
What is the value of -1 + -2 + 11 + -7?
1
Evaluate -5 + -4 + 4 - -6 - 3.
-2
What is -4 + -7 + (0 - -6)?
-5
Evaluate -4 + 13 + -7 - -4.
6
What is the value of 8 - (-1 + -2 + (-3 - -8))?
6
Evaluate -1 + 85 + -81 + (-1 - 1).
1
What is the value of (-4 - -1) + (-3 - (-9 - -5))?
-2
Calculate 4 + -11 + 8 + -10.
-